ousands digit of 461368389?
8
What is the ten thousands digit of 1880419818?
1
What is the units digit of 1494650939?
9
What is the thousands digit of 1386205417?
5
What is the ten millions digit of 2379503462?
7
What is the units digit of 40032741?
1
What is the hundreds digit of 5420339?
3
What is the thousands digit of 446871857?
1
What is the hundred thousands digit of 30695211?
6
What is the ten millions digit of 93869966?
9
What is the ten millions digit of 685228683?
8
What is the units digit of 162833251?
1
What is the tens digit of 1235766519?
1
What is the thousands digit of 1066869117?
9
What is the millions digit of 338774527?
8
What is the millions digit of 1476195610?
6
What is the hundred millions digit of 2961702615?
9
What is the units digit of 297699423?
3
What is the units digit of 951982600?
0
What is the units digit of 1753963951?
1
What is the ten thousands digit of 392841809?
4
What is the hundred thousands digit of 40294816?
2
What is the millions digit of 647965999?
7
What is the hundred millions digit of 1439957305?
4
What is the ten millions digit of 52418834?
5
What is the hundreds digit of 1515919031?
0
What is the units digit of 4516220766?
6
What is the millions digit of 51786196?
1
What is the hundred millions digit of 889026875?
8
What is the units digit of 30838692?
2
What is the thousands digit of 6913097806?
7
What is the units digit of 767860930?
0
What is the hundred millions digit of 379672215?
3
What is the hundreds digit of 6303112?
1
What is the hundred thousands digit of 375787658?
7
What is the ten thousands digit of 407544637?
4
What is the ten thousands digit of 2733466385?
6
What is the ten thousands digit of 3604808702?
0
What is the ten millions digit of 103491027?
0
What is the thousands digit of 106225936?
5
What is the units digit of 4138136948?
8
What is the tens digit of 2007480239?
3
What is the units digit of 93181849?
9
What is the hundred thousands digit of 2958323340?
3
What is the hundred thousands digit of 57431992?
4
What is the tens digit of 17199036?
3
What is the tens digit of 5441645090?
9
What is the ten thousands digit of 4911155752?
5
What is the millions digit of 778146811?
8
What is the millions digit of 45199610?
5
What is the tens digit of 972825246?
4
What is the thousands digit of 744878713?
8
What is the thousands digit of 43231217?
1
What is the hundred millions digit of 563648562?
5
What is the ten thousands digit of 1618023528?
2
What is the hundred millions digit of 5479626436?
4
What is the hundred thousands digit of 38277525?
2
What is the units digit of 1461386591?
1
What is the hundreds digit of 78208317?
3
What is the tens digit of 33593211?
1
What is the tens digit of 5438946005?
0
What is the ten millions digit of 643232127?
4
What is the hundreds digit of 1860153549?
5
What is the hundred thousands digit of 648095634?
0
What is the ten thousands digit of 76324205?
2
What is the hundred thousands digit of 349689989?
6
What is the units digit of 1757790136?
6
What is the tens digit of 3136230806?
0
What is the hundred thousands digit of 1080073154?
0
What is the thousands digit of 2204284991?
4
What is the units digit of 240464303?
3
What is the millions digit of 115028339?
5
What is the hundred thousands digit of 2016049184?
0
What is the millions digit of 48737236?
8
What is the units digit of 94506688?
8
What is the thousands digit of 1720499532?
9
What is the ten millions digit of 4950030264?
5
What is the ten thousands digit of 1881401774?
0
What is the hundred thousands digit of 84544181?
5
What is the hundred millions digit of 4588311371?
5
What is the ten millions digit of 109504224?
0
What is the hundred thousands digit of 265524279?
5
What is the units digit of 59702257?
7
What is the ten thousands digit of 1662704912?
0
What is the units digit of 516398160?
0
What is the ten thousands digit of 154676644?
7
What is the tens digit of 1277059812?
1
What is the ten millions digit of 125606557?
2
What is the thousands digit of 42325560?
5
What is the millions digit of 250077379?
0
What is the ten millions digit of 88994315?
8
What is the ten thousands digit of 11309620?
0
What is the millions digit of 1156107623?
6
What is the millions digit of 4962207?
4
What is the millions digit of 2423774527?
3
What is the ten millions digit of 114855540?
1
What is the hundred thousands digit of 140892214?
8
What is the ten thousands digit of 18851708?
5
What is the ten millions digit of 26572466?
2
What is the thousands digit of 22274338?
4
What is the hundred millions digit of 2693579575?
6
What is the millions digit of 365291371?
5
What is the hundreds digit of 35672394?
3
What is the hundred thousands digit of 425492657?
4
What is the units digit of 359747176?
6
What is the hundreds digit of 1017150767?
7
What is the millions digit of 6703068?
6
What is the units digit of 1307986413?
3
What is the hundred thousands digit of 371573825?
5
What is the units digit of 7148360?
0
What is the thousands digit of 5161429?
1
What is the tens digit of 15401201?
0
What is the hundred thousands digit of 75063696?
0
What is the hundreds digit of 112663164?
1
What is the millions digit of 45542130?
5
What is the units digit of 74445692?
2
What is the tens digit of 31714040?
4
What is the hundred millions digit of 193632319?
1
What is the ten millions digit of 61000989?
6
What is the units digit of 3118783549?
9
What is the units digit of 1597451208?
8
What is the hundreds digit of 279879714?
7
What is the hundred thousands digit of 1216696253?
6
What is the hundred thousands digit of 70523404?
5
What is the tens digit of 103056866?
6
What is the hundreds digit of 133660217?
2
What is the ten millions digit of 246570427?
4
What is the thousands digit of 115620005?
0
What is the ten thousands digit of 54337139?
3
What is the thousands digit of 29854797?
4
What is the tens digit of 133057885?
8
What is the hundred millions digit of 495418608?
4
What is the hundred thousands digit of 5018382789?
3
What is the millions digit of 317563087?
7
What is the units digit of 3544651?
1
What is the hundred thousands digit of 3476728140?
7
What is the tens digit of 36788265?
6
What is the hundreds digit of 63137049?
0
What is the tens digit of 81577834?
3
What is the thousands digit of 2451190741?
0
What is the ten thousands digit of 22262926?
6
What is the millions digit of 679316902?
9
What is the thousands digit of 352503806?
3
What is the hundred millions digit of 1747016142?
7
What is the ten thousands digit of 126385370?
8
What is the units digit of 64295414?
4
What is the hundred millions digit of 4534219213?
5
What is the hundred millions digit of 163464645?
1
What is the hundreds digit of 9901590?
5
What is the millions digit of 45582442?
5
What is the hundred millions digit of 3351835014?
3
What is the hundreds digit of 103335006?
0
What is the thousands digit of 3340293?
0
What is the thousands digit of 1599999425?
9
What is the tens digit of 125215117?
1
What is the units digit of 39886013?
3
What is the thousands digit of 1332322762?
2
What is the thousands digit of 115461094?
1
What is the tens digit of 79784044?
4
What is the ten thousands digit of 112869579?
6
What is the millions digit of 13133173?
3
What is the tens digit of 6793082?
8
What is the thousands digit of 1119874127?
4
What is the hundreds digit of 11789193?
1
What is the units digit of 414818257?
7
What is the tens digit of 114109569?
6
What is the units digit of 1720113735?
5
What is the hundred thousands digit of 1563061668?
0
What is the hundreds digit of 2350013707?
7
What is the ten thousands digit of 4588316640?
1
What is the hundreds digit of 560055589?
5
What is the ten thousands digit of 2943992?
4
What is the hundreds digit of 5720733?
7
What is the tens digit of 233269675?
7
What is the thousands digit of 2008932701?
2
What is the ten thousands digit of 1033329127?
2
What is the tens digit of 244480317?
1
What is the tens digit of 4176237376?
7
What is the ten millions digit of 177783763?
7
What is the thousands digit of 3292929510?
9
What is the tens digit of 4490010?
1
What is the ten millions digit of 1473916544?
7
What is the units digit of 1194503779?
9
What is the tens digit of 127248305?
0